{"id":1208,"date":"2018-04-23T12:00:46","date_gmt":"2018-04-23T08:00:46","guid":{"rendered":"http:\/\/ergotherapie-in-flensburg.de\/?page_id=1208"},"modified":"2023-03-20T11:57:35","modified_gmt":"2023-03-20T10:57:35","slug":"metakognitives-training","status":"publish","type":"page","link":"https:\/\/ergotherapie-in-flensburg.de\/index.php\/metakognitives-training\/","title":{"rendered":"Metakognitives Training"},"content":{"rendered":"<div class=\"body\">\n<h1 class=\"page-title\" style=\"font-size: 16pt;\">Metakognitives Training<\/h1>\n<div class=\"flex flex-grow flex-col gap-3\">\n<div class=\"min-h-[20px] flex flex-col items-start gap-4 whitespace-pre-wrap\">\n<div class=\"markdown prose w-full break-words dark:prose-invert light\">\n<p>Meta-kognitives Training (MKT) ist eine Art von kognitivem Training, das darauf abzielt, das Selbstbewusstsein, die Selbstreflexion und die kognitive Kontrolle zu verbessern. Das Training konzentriert sich auf die Entwicklung von Strategien zur Verbesserung der kognitiven Leistung und zur Steigerung der allgemeinen kognitiven Flexibilit\u00e4t.<\/p>\n<p>Das MKT ist ein evidenzbasiertes Training, das h\u00e4ufig bei Menschen angewendet wird, die an einer psychischen Erkrankung leiden, insbesondere bei Schizophrenie. Das Training besteht aus einer Reihe von \u00dcbungen und Aktivit\u00e4ten, die darauf abzielen, die Aufmerksamkeit, das Arbeitsged\u00e4chtnis, das Probleml\u00f6sungsverhalten und das Metaged\u00e4chtnis zu verbessern.<\/p>\n<p>Das MKT kann auch bei Personen ohne psychische Erkrankungen angewendet werden, die ihre kognitiven F\u00e4higkeiten verbessern m\u00f6chten. Es ist besonders n\u00fctzlich f\u00fcr Menschen, die in ihrem Beruf oder Studium eine hohe kognitive Leistung erbringen m\u00fcssen, wie z.B. Forscher, Ingenieure oder \u00c4rzte.<\/p>\n<p>Das MKT ist eine vielversprechende Methode zur Verbesserung der kognitiven F\u00e4higkeiten und der Lebensqualit\u00e4t von Menschen mit psychischen Erkrankungen. Es ist jedoch wichtig zu beachten, dass es keine Heilung f\u00fcr psychische Erkrankungen gibt und dass das MKT als Erg\u00e4nzung zur medizinischen Behandlung und Psychotherapie verwendet werden sollte.<\/p>\n<\/div>\n<\/div>\n<\/div>\n<\/div>\n","protected":false},"excerpt":{"rendered":"<p>Metakognitives Training Meta-kognitives Training (MKT) ist eine Art von kognitivem Training, das darauf abzielt, das Selbstbewusstsein, die Selbstreflexion und die kognitive Kontrolle zu verbessern. Das Training konzentriert sich auf die &#8230;<\/p>\n","protected":false},"author":5,"featured_media":0,"parent":0,"menu_order":0,"comment_status":"closed","ping_status":"closed","template":"","meta":{"footnotes":""},"class_list":["post-1208","page","type-page","status-publish","hentry"],"_links":{"self":[{"href":"https:\/\/ergotherapie-in-flensburg.de\/index.php\/wp-json\/wp\/v2\/pages\/1208","targetHints":{"allow":["GET"]}}],"collection":[{"href":"https:\/\/ergotherapie-in-flensburg.de\/index.php\/wp-json\/wp\/v2\/pages"}],"about":[{"href":"https:\/\/ergotherapie-in-flensburg.de\/index.php\/wp-json\/wp\/v2\/types\/page"}],"author":[{"embeddable":true,"href":"https:\/\/ergotherapie-in-flensburg.de\/index.php\/wp-json\/wp\/v2\/users\/5"}],"replies":[{"embeddable":true,"href":"https:\/\/ergotherapie-in-flensburg.de\/index.php\/wp-json\/wp\/v2\/comments?post=1208"}],"version-history":[{"count":5,"href":"https:\/\/ergotherapie-in-flensburg.de\/index.php\/wp-json\/wp\/v2\/pages\/1208\/revisions"}],"predecessor-version":[{"id":2466,"href":"https:\/\/ergotherapie-in-flensburg.de\/index.php\/wp-json\/wp\/v2\/pages\/1208\/revisions\/2466"}],"wp:attachment":[{"href":"https:\/\/ergotherapie-in-flensburg.de\/index.php\/wp-json\/wp\/v2\/media?parent=1208"}],"curies":[{"name":"wp","href":"https:\/\/api.w.org\/{rel}","templated":true}]}}