{"id":333,"date":"2017-08-21T16:18:10","date_gmt":"2017-08-21T14:18:10","guid":{"rendered":"http:\/\/ergotherapie-in-flensburg.de\/?page_id=333"},"modified":"2017-09-06T15:25:24","modified_gmt":"2017-09-06T13:25:24","slug":"schlaganfall","status":"publish","type":"page","link":"https:\/\/ergotherapie-in-flensburg.de\/index.php\/schlaganfall\/","title":{"rendered":"Schlaganfall"},"content":{"rendered":"<style type=\"text\/css\">\n.seitenleiste{position: absolute; width: 16em;font-size:10pt; padding-top:3.6em;}\n.navstyle{font-size: 10pt; letter-spacing: 1pt}\n.body{padding-left: 19em;}\na{font-weight:600}\n<\/style>\n<div class=\"seitenleiste\">\n<h1 class=\"page-title navstyle\" >wir k\u00f6nnen helfen bei folgenden Symptomen <\/h1>\n<ul>\n<li>Spastik<\/li>\n<li>Ataxie<\/li>\n<li>Apraxie<\/li>\n<li>Kognitive St\u00f6rungen<\/li>\n<li>Neglect<\/li>\n<li>Depression<\/li>\n<li>Sensibilit\u00e4tsst\u00f6rungen<\/li>\n<li>Schmerzen<\/li>\n<li>Schlafst\u00f6rungen<\/li>\n<li><a href=\"http:\/\/ergotherapie-in-flensburg.de\/index.php\/kontinenztraining\/\">Inkontinenz<\/a><\/li>\n<li>Osteoporose<\/li>\n<\/ul>\n<\/div>\n<div class=\"body\">\n<h1 class=\"page-title\" style=\"font-size: 16pt; letter-spacing: 0.5pt;\">Schlaganfall<\/h1>\n<h5 style=\"padding-top:0.1em\">Eine der h\u00e4ufigsten neurologischen Erkrankungen ist der Schlaganfall, die Ursache ist meist eine Durchblutungsst\u00f6rung im Gehirn.<\/h5>\n<p>Das Ausma\u00df und die Schwere der Beeintr\u00e4chtigungen h\u00e4ngen in erster Linie davon ab, welche Gehirnregionen betroffen und wie stark sie durch den Schlaganfall gesch\u00e4digt worden sind. Die meisten Betroffenen sind durch den erlittenen Schlaganfall in erheblichem Ma\u00dfe k\u00f6rperlich behindert. H\u00e4ufig kommt es auch zu kognitiven St\u00f6rungen wie u.a. Konzentrationsschw\u00e4che, Wortfindungsst\u00f6rungen, Apraxie und Neglect. Dar\u00fcber hinaus kann auch die Sensibilit\u00e4t beeintr\u00e4chtigt sein. Nicht selten entwickeln Betroffene in Folge auch eine reaktive Depression.<\/p>\n<p>Die Ergotherapie bei einem Schlaganfall hat das Ziel, trotz dieser Beeintr\u00e4chtigungen eine m\u00f6glichst weitgehende Teilhabe am Leben wieder zu erm\u00f6glichen.<\/p>\n<ul>\n<h5>Bei diesen Zielen sind unsere Therapien hilfreich<\/h5>\n<li>Selbstversorgung sichern<\/li>\n<li>Arbeitsstelle erhalten<\/li>\n<li>Mobilit\u00e4t bewahren<\/li>\n<li>Freizeit genie\u00dfen<\/li>\n<li>Hobbies nachgehen<\/li>\n<li>Kontakte pflegen<\/li>\n<li>Mit Partner und Familie leben<\/li>\n<li>Urlaub machen<\/li>\n<h5>Unsere Behandlungsverfahren bei Schlaganfall sind<\/h5>\n<li>Neuromuskul\u00e4re Reedukation<\/li>\n<li>Geh- und Bewegungstraining<\/li>\n<li>Training der Feinmotorik<\/li>\n<li>Spiegeltherapie<\/li>\n<li>Entspannungsverfahren<\/li>\n<li>Atembasierte Entspannung<\/li>\n<li>Autogenes Training (Grundstufe)<\/li>\n<li>Progressive Muskelentspannung<\/li>\n<li>Achtsamkeitsyoga<\/li>\n<li>Body Scan<\/li>\n<li>ADL-Training<\/li>\n<li>Computergest\u00fctztes neurokognitives Training (Hirnleistungstraining)<\/li>\n<li>Beratung f\u00fcr ergonomisches Arbeiten und Anpassung des Arbeitsplatzes (falls n\u00f6tig)<\/li>\n<li><a href=\"http:\/\/ergotherapie-in-flensburg.de\/index.php\/biofeedback\/\">Biofeedback<\/a><\/li>\n<li><a href=\"http:\/\/ergotherapie-in-flensburg.de\/index.php\/neurofeedback\/\">Neurofeedback<\/a><\/li>\n<li>Schwingungstraining<\/li>\n<\/ul>\n<\/div>\n","protected":false},"excerpt":{"rendered":"<p>wir k\u00f6nnen helfen bei folgenden Symptomen Spastik Ataxie Apraxie Kognitive St\u00f6rungen Neglect Depression Sensibilit\u00e4tsst\u00f6rungen Schmerzen Schlafst\u00f6rungen Inkontinenz Osteoporose Schlaganfall Eine der h\u00e4ufigsten neurologischen Erkrankungen ist der Schlaganfall, die Ursache ist &#8230;<\/p>\n","protected":false},"author":5,"featured_media":0,"parent":0,"menu_order":0,"comment_status":"closed","ping_status":"closed","template":"","meta":{"footnotes":""},"class_list":["post-333","page","type-page","status-publish","hentry"],"_links":{"self":[{"href":"https:\/\/ergotherapie-in-flensburg.de\/index.php\/wp-json\/wp\/v2\/pages\/333","targetHints":{"allow":["GET"]}}],"collection":[{"href":"https:\/\/ergotherapie-in-flensburg.de\/index.php\/wp-json\/wp\/v2\/pages"}],"about":[{"href":"https:\/\/ergotherapie-in-flensburg.de\/index.php\/wp-json\/wp\/v2\/types\/page"}],"author":[{"embeddable":true,"href":"https:\/\/ergotherapie-in-flensburg.de\/index.php\/wp-json\/wp\/v2\/users\/5"}],"replies":[{"embeddable":true,"href":"https:\/\/ergotherapie-in-flensburg.de\/index.php\/wp-json\/wp\/v2\/comments?post=333"}],"version-history":[{"count":8,"href":"https:\/\/ergotherapie-in-flensburg.de\/index.php\/wp-json\/wp\/v2\/pages\/333\/revisions"}],"predecessor-version":[{"id":793,"href":"https:\/\/ergotherapie-in-flensburg.de\/index.php\/wp-json\/wp\/v2\/pages\/333\/revisions\/793"}],"wp:attachment":[{"href":"https:\/\/ergotherapie-in-flensburg.de\/index.php\/wp-json\/wp\/v2\/media?parent=333"}],"curies":[{"name":"wp","href":"https:\/\/api.w.org\/{rel}","templated":true}]}}