{"id":68,"date":"2017-08-16T11:15:36","date_gmt":"2017-08-16T09:15:36","guid":{"rendered":"http:\/\/ergotherapie-in-flensburg.de\/?page_id=68"},"modified":"2024-11-04T17:16:42","modified_gmt":"2024-11-04T16:16:42","slug":"psychische-erkrankungen","status":"publish","type":"page","link":"https:\/\/ergotherapie-in-flensburg.de\/index.php\/psychische-erkrankungen\/","title":{"rendered":"Psychische Erkrankungen"},"content":{"rendered":"<div class=\"seitenleiste\">\n<h3 class=\"page-title navstyle\">Ursache<\/h3>\n<p><a href=\"http:\/\/ergotherapie-in-flensburg.de\/index.php\/stress\/\">Stress<\/a><\/p>\n<h3 class=\"page-title navstyle\">Wir bieten therapeutische Behandlungen bei<\/h3>\n<ul>\n<li><a href=\"http:\/\/ergotherapie-in-flensburg.de\/index.php\/suchterkrankungen\/\">Abh\u00e4ngigkeitserkrankungen<\/a><\/li>\n<li><a href=\"http:\/\/ergotherapie-in-flensburg.de\/index.php\/hyperaktivitaet\/\">ADHS\/ ADS bei Kindern und Erwachsenen<\/a><\/li>\n<li><a href=\"http:\/\/ergotherapie-in-flensburg.de\/index.php\/angstoerungen\/\">Angsterkrankungen<\/a><\/li>\n<li><a href=\"http:\/\/ergotherapie-in-flensburg.de\/index.php\/depression\/\">Depressionen<\/a><\/li>\n<li><a href=\"http:\/\/ergotherapie-in-flensburg.de\/index.php\/manie\/\">Manie<\/a><\/li>\n<li><a href=\"http:\/\/ergotherapie-in-flensburg.de\/index.php\/bipolar-affektive-stoerung\/\">Manisch-depressive Erkrankungen (Bipolare affektive Erkrankungen)<\/a><\/li>\n<li><a href=\"http:\/\/ergotherapie-in-flensburg.de\/index.php\/persoenlichkeitsstoerung\/\">Pers\u00f6nlichkeitsst\u00f6rungen<\/a><\/li>\n<li><a href=\"http:\/\/ergotherapie-in-flensburg.de\/index.php\/schmerzstoerungen\/\">Somatisierungs- \/ Schmerzst\u00f6rungen<\/a><\/li>\n<li><a href=\"http:\/\/ergotherapie-in-flensburg.de\/index.php\/schizophrenie\/\">Schizophrenie<\/a><\/li>\n<li><a href=\"http:\/\/ergotherapie-in-flensburg.de\/index.php\/zwangserkrankung\/\">Zwangserkrankungen<\/a><\/li>\n<\/ul>\n<\/div>\n<div class=\"body\">\n<h3 class=\"page-title\" style=\"font-size: 16pt;\">Psychische Erkrankungen<\/h3>\n<h5 style=\"padding-top: 0.1em;\">Psychische Erkrankungen sind keine seltenen Erkrankungen, jeder kann im Lebensverlauf betroffen sein.<\/h5>\n<p>Sie sind Erkrankungen unseres Gehirns und Nervensystems \u2013 dem komplexesten Organ des Menschen. Warum sollte ausgerechnet dieser komplexe Teil unseres K\u00f6rpers weniger h\u00e4ufig erkranken, als andere Organe unseres K\u00f6rpers?<\/p>\n<p>Im Laufe eines jeden Jahres erleiden 27 Prozent der EU-Bev\u00f6lkerung oder 83 Millionen Menschen mindestens eine psychische St\u00f6rung wie z.B. eine Depression, Schizophrenie, Alkohol- oder Drogenabh\u00e4ngigkeit, Panik- oder Zwangsst\u00f6rungen, somatoforme St\u00f6rungen oder Demenz.<\/p>\n<p>Die Daten der gesetzlichen Krankenkassen belegen die steigende Relevanz psychischer Erkrankungen. Seit Jahrzehnten ist die Zahl der Fehltage (Arbeitsunf\u00e4higkeitstage) wegen psychischer Erkrankungen deutlich angestiegen: in den letzten 7 Jahren um mehr als 97 Prozent. Im Jahr 2012 wurden bundesweit 60 Millionen Arbeitsunf\u00e4higkeitstage aufgrund psychischer Erkrankungen registriert. (Bundesministerium f\u00fcr Arbeit und Soziales und Bundesanstalt f\u00fcr Arbeitsschutz und Arbeitsmedizin: Sicherheit und Gesundheit bei der Arbeit 2012, 2013)<\/p>\n<hr \/>\n<h5>Ziel der ergotherapeutischen Behandlung bei psychischen Erkrankungen<\/h5>\n<p>Das Ziel der Behandlung besteht in der Entwicklung, der Verbesserung und dem Erhalt von:<\/p>\n<ul>\n<li>Psychischen Grundleistungsfunktionen wie Antrieb, Motivation, Belastbarkeit, Ausdauer, Flexibilit\u00e4t und Selbst\u00e4ndigkeit in der Tagesstrukturierung<\/li>\n<li>K\u00f6rperwahrnehmung und Wahrnehmungsverarbeitung<\/li>\n<li>Realit\u00e4tsbezogenheit von Selbst- und Fremdwahrnehmung<\/li>\n<li>Situationsgerechtem Verhalten, sozio-emotionalen Kompetenzen und Interaktionsf\u00e4higkeit<\/li>\n<li>Kognitiven Funktionen<\/li>\n<li>Psychischer Stabilit\u00e4t und von Selbstvertrauen<\/li>\n<li>Eigenst\u00e4ndiger Lebensf\u00fchrung und Grundarbeitsf\u00e4higkeit<\/li>\n<\/ul>\n<hr \/>\n<h5>Behandlungsmethoden<\/h5>\n<p>Um die oben genannten Ziele zu erreichen, wenden wir in unserer Praxis schwerpunktm\u00e4\u00dfig Achtsamkeit, <a href=\"http:\/\/ergotherapie-in-flensburg.de\/index.php\/tiergestuetzte-therapie\/\">tiergest\u00fctzte Therapie<\/a>, <a href=\"http:\/\/ergotherapie-in-flensburg.de\/index.php\/gestaltungstherapie\/\">Gestaltungstherapie<\/a>, <a href=\"http:\/\/ergotherapie-in-flensburg.de\/index.php\/neurofeedback\/\">Neurofeedback<\/a> sowie als Gruppentherapie das <a href=\"http:\/\/ergotherapie-in-flensburg.de\/index.php\/skillstraining\/\">Skillstraining<\/a> an. Dar\u00fcber hinaus wenden wir jedoch auch andere Behandlungsmethoden an, z.B. handwerkliche oder gestalterische Methoden, kognitive Trainingsprogramme (z.B. Psyexpert, CogPack, Scientific BraintrainingPro, Cogni-Plus), Metakognitives Training,Training der eigenaktiven Tagesstrukturierung,\u00a0 Erhalt oder F\u00f6rderung der Selbstst\u00e4ndigkeit durch Training von lebenspraktischen\u00a0 Handlungsabl\u00e4ufen, z.B. Einkaufen, Busfahren, Haushaltsaufgaben usw. Wenn dies erforderlich ist, bieten wir auch Training zu Hause im eigenen Umfeld an.<\/p>\n<p>Wenn Sie mehr \u00fcber unser Angebot bei psychischen Erkrankungen erfahren wollen, dann kontaktieren Sie uns \u00fcber Telefon oder Email oder kommen Sie pers\u00f6nlich in unserer Praxis in Flensburg vorbei.<\/p>\n<\/div>\n","protected":false},"excerpt":{"rendered":"<p>Ursache Stress Wir bieten therapeutische Behandlungen bei Abh\u00e4ngigkeitserkrankungen ADHS\/ ADS bei Kindern und Erwachsenen Angsterkrankungen Depressionen Manie Manisch-depressive Erkrankungen (Bipolare affektive Erkrankungen) Pers\u00f6nlichkeitsst\u00f6rungen Somatisierungs- \/ Schmerzst\u00f6rungen Schizophrenie Zwangserkrankungen Psychische Erkrankungen &#8230;<\/p>\n","protected":false},"author":5,"featured_media":0,"parent":0,"menu_order":0,"comment_status":"closed","ping_status":"closed","template":"","meta":{"footnotes":""},"class_list":["post-68","page","type-page","status-publish","hentry"],"_links":{"self":[{"href":"https:\/\/ergotherapie-in-flensburg.de\/index.php\/wp-json\/wp\/v2\/pages\/68","targetHints":{"allow":["GET"]}}],"collection":[{"href":"https:\/\/ergotherapie-in-flensburg.de\/index.php\/wp-json\/wp\/v2\/pages"}],"about":[{"href":"https:\/\/ergotherapie-in-flensburg.de\/index.php\/wp-json\/wp\/v2\/types\/page"}],"author":[{"embeddable":true,"href":"https:\/\/ergotherapie-in-flensburg.de\/index.php\/wp-json\/wp\/v2\/users\/5"}],"replies":[{"embeddable":true,"href":"https:\/\/ergotherapie-in-flensburg.de\/index.php\/wp-json\/wp\/v2\/comments?post=68"}],"version-history":[{"count":20,"href":"https:\/\/ergotherapie-in-flensburg.de\/index.php\/wp-json\/wp\/v2\/pages\/68\/revisions"}],"predecessor-version":[{"id":2775,"href":"https:\/\/ergotherapie-in-flensburg.de\/index.php\/wp-json\/wp\/v2\/pages\/68\/revisions\/2775"}],"wp:attachment":[{"href":"https:\/\/ergotherapie-in-flensburg.de\/index.php\/wp-json\/wp\/v2\/media?parent=68"}],"curies":[{"name":"wp","href":"https:\/\/api.w.org\/{rel}","templated":true}]}}