{"id":70,"date":"2017-08-16T11:15:49","date_gmt":"2017-08-16T09:15:49","guid":{"rendered":"http:\/\/ergotherapie-in-flensburg.de\/?page_id=70"},"modified":"2024-11-04T17:14:03","modified_gmt":"2024-11-04T16:14:03","slug":"kinder-jugendliche","status":"publish","type":"page","link":"https:\/\/ergotherapie-in-flensburg.de\/index.php\/kinder-jugendliche\/","title":{"rendered":"Kinder &#038; Jugendliche"},"content":{"rendered":"<div class=\"seitenleiste\">\n<h3 class=\"page-title navstyle\">Therapie mit Schwerpunkt auf<\/h3>\n<ul>\n<li><a href=\"http:\/\/ergotherapie-in-flensburg.de\/index.php\/hyperaktivitaet\/\">ADHS\/ ADS<\/a><\/li>\n<li><a href=\"http:\/\/ergotherapie-in-flensburg.de\/index.php\/entwicklungsstoerungen\/\">Entwicklungsst\u00f6rungen<\/a><\/li>\n<li><a href=\"http:\/\/ergotherapie-in-flensburg.de\/index.php\/psychische-erkrankungen\/\">psychischen Problemen<\/a><\/li>\n<li><a href=\"http:\/\/ergotherapie-in-flensburg.de\/index.php\/verhaltensstoerungen\/\">Verhaltensst\u00f6rungen<\/a><\/li>\n<\/ul>\n<h3 class=\"page-title navstyle\">Au\u00dferdem helfen wir bei<\/h3>\n<p><a href=\"http:\/\/ergotherapie-in-flensburg.de\/index.php\/schulschwierigkeiten\/\">Schulschwierigkeiten<\/a><\/p>\n<\/div>\n<div class=\"body\">\n<h3 class=\"page-title\" style=\"font-size: 16pt;\">Kinder und Jugendliche<\/h3>\n<p>Kinder und Jugendliche stehen am Anfang ihres Lebensweges. Sie entwickeln alle grundlegenden F\u00e4higkeiten, die ihnen ein erfolgreiches, gl\u00fcckliches und m\u00f6glichst langes Leben erm\u00f6glichen sollen. Genetische oder sp\u00e4tere st\u00f6rende Einfl\u00fcsse, ein Mangel an wichtigen Lebenserfahrungen und oft eine ungl\u00fcckliche Mischung aus verschiedensten Faktoren k\u00f6nnen die kindliche Entwicklung so stark beeintr\u00e4chtigen, dass professionelle Hilfe n\u00f6tig wird.<br \/>\nUnser Schwerpunkt bei der Behandlung von Kindern und Jugendlichen ist die Therapie mit<\/p>\n<ul>\n<li><a href=\"http:\/\/ergotherapie-in-flensburg.de\/index.php\/achtsamkeit\/\">Achtsamkeit<\/a><\/li>\n<li><a href=\"http:\/\/ergotherapie-in-flensburg.de\/index.php\/neurofeedback\/\">Neurofeedback<\/a><\/li>\n<li><a href=\"http:\/\/ergotherapie-in-flensburg.de\/index.php\/skillstraining\/\">Skillstraining<\/a><\/li>\n<\/ul>\n<\/div>\n","protected":false},"excerpt":{"rendered":"<p>Therapie mit Schwerpunkt auf ADHS\/ ADS Entwicklungsst\u00f6rungen psychischen Problemen Verhaltensst\u00f6rungen Au\u00dferdem helfen wir bei Schulschwierigkeiten Kinder und Jugendliche Kinder und Jugendliche stehen am Anfang ihres Lebensweges. Sie entwickeln alle grundlegenden &#8230;<\/p>\n","protected":false},"author":5,"featured_media":0,"parent":0,"menu_order":0,"comment_status":"closed","ping_status":"closed","template":"","meta":{"footnotes":""},"class_list":["post-70","page","type-page","status-publish","hentry"],"_links":{"self":[{"href":"https:\/\/ergotherapie-in-flensburg.de\/index.php\/wp-json\/wp\/v2\/pages\/70","targetHints":{"allow":["GET"]}}],"collection":[{"href":"https:\/\/ergotherapie-in-flensburg.de\/index.php\/wp-json\/wp\/v2\/pages"}],"about":[{"href":"https:\/\/ergotherapie-in-flensburg.de\/index.php\/wp-json\/wp\/v2\/types\/page"}],"author":[{"embeddable":true,"href":"https:\/\/ergotherapie-in-flensburg.de\/index.php\/wp-json\/wp\/v2\/users\/5"}],"replies":[{"embeddable":true,"href":"https:\/\/ergotherapie-in-flensburg.de\/index.php\/wp-json\/wp\/v2\/comments?post=70"}],"version-history":[{"count":23,"href":"https:\/\/ergotherapie-in-flensburg.de\/index.php\/wp-json\/wp\/v2\/pages\/70\/revisions"}],"predecessor-version":[{"id":2773,"href":"https:\/\/ergotherapie-in-flensburg.de\/index.php\/wp-json\/wp\/v2\/pages\/70\/revisions\/2773"}],"wp:attachment":[{"href":"https:\/\/ergotherapie-in-flensburg.de\/index.php\/wp-json\/wp\/v2\/media?parent=70"}],"curies":[{"name":"wp","href":"https:\/\/api.w.org\/{rel}","templated":true}]}}